006
In base 7, what is 14411243 + -5?
14411235
In base 16, what is -278918af - 1?
-278918b0
In base 16, what is -c + -c75d0?
-c75dc
In base 6, what is 40155 + -13402?
22353
In base 12, what is -82a1 - 270?
-8551
In base 3, what is 1000102101 + -112200?
222212201
In base 15, what is 22cd3 - -19?
22cec
In base 14, what is 2569 + 1c78?
4403
In base 9, what is -577080 + -11?
-577101
In base 4, what is -2 + -33201102022?
-33201102030
In base 5, what is 203 - 2040110241?
-2040110033
In base 3, what is 212102000102102222 + 10?
212102000102110002
In base 13, what is -10918 - -114?
-10804
In base 16, what is -79ad - f79?
-8926
In base 7, what is 1016646 - -13512?
1033461
In base 7, what is 55003221 + 0?
55003221
In base 8, what is -646 + 161474?
160626
In base 7, what is 223 + -1114465?
-1114242
In base 15, what is 4be1 + 3922?
8613
In base 4, what is -32 - -2030313201310?
2030313201212
In base 9, what is -2077270 + -106?
-2077376
In base 12, what is -4 - 2049a7?
-2049ab
In base 4, what is 1 + 22100112320030?
22100112320031
In base 5, what is -13301111 + -124?
-13301240
In base 5, what is 223231423 - 3300?
223223123
In base 11, what is 16 - -383909?
383924
In base 6, what is 2004 - -1050202?
1052210
In base 14, what is -62c8 + -16a?
-6454
In base 15, what is 6 - -3a12a7?
3a12ad
In base 8, what is 210546 + 63?
210631
In base 14, what is 11 + 35758a?
35759b
In base 10, what is -1 + -19166284?
-19166285
In base 7, what is 3300 - -31300?
34600
In base 7, what is 2020443504 + 5?
2020443512
In base 15, what is 91bc + -45b?
8c61
In base 8, what is 46153544 + 1?
46153545
In base 12, what is 113a5632 - -6?
113a5638
In base 13, what is -2bc7670 + -8?
-2bc7678
In base 12, what is -12 + -2026?
-2038
In base 2, what is -10000110011101011 - 100010110?
-10000111000000001
In base 7, what is -302264001 + -2?
-302264003
In base 12, what is -a + 1a4b837?
1a4b829
In base 6, what is -103331 + 423202?
315431
In base 13, what is -109 + -3ab6?
-3bc2
In base 13, what is 658 + bb34?
c48c
In base 16, what is 1 - 1936b5?
-1936b4
In base 7, what is 0 - -2516344?
2516344
In base 11, what is 212003294 + 1?
212003295
In base 2, what is 10000100010 + -101001100001000?
-100111011100110
In base 4, what is -12101231011 - -10?
-12101231001
In base 16, what is 16d + -10718?
-105ab
In base 8, what is -42450726 - -3?
-42450723
In base 3, what is -10 + 10211120022202120?
10211120022202110
In base 3, what is -2020 + 100010201000?
100010121210
In base 6, what is 5 - 5032201555?
-5032201550
In base 15, what is -4a + 17833?
177d8
In base 16, what is 135b551 + 4?
135b555
In base 5, what is 14 - -12004134422?
12004134441
In base 7, what is -361146 - 446?
-361625
In base 4, what is -20 + 11320020121002?
11320020120322
In base 2, what is -111 + -11101010011001001111?
-11101010011001010110
In base 9, what is -37051573 - 14?
-37051587
In base 10, what is -4337327 + 24?
-4337303
In base 8, what is 432 + 1246?
1700
In base 2, what is -1010 - 11010001001110101100?
-11010001001110110110
In base 6, what is 2150 + -1134403?
-1132213
In base 6, what is 145535342 - -3?
145535345
In base 5, what is -4403 - 1002340?
-1012243
In base 14, what is 13 + ab5526?
ab5539
In base 9, what is -22673 + 453?
-22220
In base 2, what is 10 + -1000100100001000000110110?
-1000100100001000000110100
In base 10, what is 7371 + -6350?
1021
In base 15, what is -1661dc0 - -14?
-1661dab
In base 6, what is -122111000 - -120?
-122110440
In base 9, what is -2612183 - -42?
-2612141
In base 15, what is -12 + -a9d16?
-a9d28
In base 15, what is 6a8 + 1128?
17d1
In base 12, what is 1084b3 + -a56?
107659
In base 16, what is f9c4 - -92?
fa56
In base 10, what is -478753 + -20?
-478773
In base 3, what is 2 + -11211212010220112?
-11211212010220110
In base 5, what is 1011414232 - 0?
1011414232
In base 16, what is 3d276 + -10?
3d266
In base 7, what is 243 - 15353510?
-15353234
In base 4, what is -2321 - 1113202102?
-1113211023
In base 6, what is 1 + 2045505321?
2045505322
In base 8, what is 6157344 + 2?
6157346
In base 6, what is 40001222 - 3?
40001215
In base 7, what is 50261152 + -4?
50261145
In base 11, what is -511a05 + 2?
-511a03
In base 15, what is 2b + -162de4?
-162db8
In base 12, what is -3b3 + 192b91?
19279a
In base 8, what is 4455212 + -217?
4454773
In base 15, what is -9eb + -66ab?
-71a7
In base 8, what is 536602 + -25?
536555
In base 14, what is -1 - -594174?
594173
In base 11, what is 1 + 4061717?
4061718
In base 14, what is 9b55a27 - 3?
9b55a24
In base 11, what is -2 - -364a755?
364a753
In base 15, what is 8c - -888bc?
88959
In base 14, what is -27 - 63873?
-6389a
In base 9, what is -8088 - 2358?
-11457
In base 13, what is -4302cc + 3?
-4302c9
In base 13, what is -638 + 4c8c?
4654
In base 7, what is -52 - -5554022?
5553640
In base 10, what is -24 + 2533?
2509
In base 11, what is -4417 + -2063?
-647a
In base 9, what is -16721 + 2830?
-13781
In base 16, what is 5f1 + -f517?
-ef26
In base 16, what is 272 + b383a?
b3aac
In base 8, what is -34 - -63055644?
63055610
In base 10, what is -100955 + -64?
-101019
In base 3, what is 2202112202 + -121?
2202112011
In base 10, what is 2848944 - -53?
2848997
In base 13, what is -4 - 1cc2277?
-1cc227b
In base 8, what is -13116 + 2755?
-10141
In base 14, what is 19 - 4b9c67?
-4b9c4c
In base 11, what is 3469 + -1408?
2061
In base 13, what is 1791 - -b745?
10206
In base 3, what is -102000001 - 1200022?
-110200100
In base 3, what is -2112221222111 + 10?
-2112221222101
In base 2, what is -10001101011100011 - -101010110?
-10001100110001101
In base 2, what is -10100 + -10110010001101011?
-10110010001111111
In base 11, what is -555 + -40539a?
-405944
In base 8, what is 1 - -40641172?
40641173
In base 7, what is 216 + 40524444?
40524663
In base 10, what is -167994215 + 11?
-167994204
In base 3, what is -21110012111101 + 1002?
-21110012110022
In base 11, what is 0 + -1021441?
-1021441
In base 15, what is -107964 - 65?
-1079c9
In base 4, what is 3 - 312301303?
-312301300
In base 2, what is -10000100 - -11100111000000011111?
11100110111110011011
In base 3, what is 221 + -2212120201222?
-2212120201001
In base 4, what is 2100331311033 - -11?
2100331311110
In base 10, what is -766 + -218175?
-218941
In base 16, what is 6136 - -a0?
61d6
In base 14, what is 6c - -11a109?
11a177
In base 10, what is -4465915 + -13?
-4465928
In base 16, what is 369e4 + a4?
36a88
In base 15, what is 16 - c883d6?
-c883c0
In base 14, what is d7 + -1b8d59?
-1b8c62
In base 2, what is 10111110011110 - 110001001100010?
-11001011000100
In base 7, what is -100536462 + -11?
-100536503
In base 4, what is -2023310 + 1213201?
-210103
In base 5, what is -41210400142 + 0?
-41210400142
In base 2, what is -1001001 - 100001001010110011?
-100001001011111100
In base 2, what is 1101110101 + 1110000101101000?
1110010011011101
In base 5, what is 2400003040 + -11?
2400003024
In base 12, what is 1374 + -6b49?
-5795
In base 4, what is 2233101 + -2102002?
131033
In base 15, what is -ebb48e - -2?
-ebb48c
In base 15, what is -9b21 - -184?
-998c
In base 13, what is -9b8a7 + 26?
-9b881
In base 10, what is 275 - 448213?
-447938
In base 10, what is -45010 + 103?
-44907
In base 16, what is -77a5621 - 4?
-77a5625
In base 9, what is 2670034 + -1?
2670033
In base 8, what is 5016 - -56660?
63676
In base 3, what is 1011102220 + 2001201?
1020111121
In base 15, what is 6e892c3 - -6?
6e892c9
In base 16, what is 12 + -95c987?
-95c975
In base 8, what is -1052 - 27115?
-30167
In base 12, what is -880 - -6880?
6000
In base 11, what is 4a - 5a01aa?
-5a0160
In base 4, what is -123012002 + -11031?
-123023033
In base 12, what is -404558 - 8a?
-404626
In base 3, what is -122 - -112102100001021?
112102100000122
In base 10, what is -14891290 - -14?
-14891276
In base 5, what is 1144021413 + -103?
1144021310
In base 9, what is -7257558 - -72?
-7257476
In base 10, what is 47399327 - -3?
47399330
In base 4, what is -21 - 132323110301?
-132323110322
In base 3, what is 1011 + -111222120101?
-111222112020
In base 15, what is -28 - -2b6e4?
2b6bb
In base 9, what is -277164 - 10?
-277174
In base 7, what is 11 - 215200545?
-215200534
In base 9, what is 142 + -180157?
-180015
In base 9, what is 1528126 - -122?
1528248
In base 3, what is -20100021212 - -10101?
-20100011111
In base 9, what is -437 + 